/(-28)*v/3.
47
Let d = 54 - -39. Let b = d + 223. What are the prime factors of b?
2, 79
Suppose -2*b + 3236 = 4*v, -388*b + 392*b - 3*v = 6450. List the prime factors of b.
2, 3, 269
Suppose -3*f + 633 = 4*t - 600, 0 = -2*t + 2*f + 606. Let w = 194 + -24. Let u = t - w. What are the prime factors of u?
2, 17
What are the prime factors of (1531/(-2))/(702/(-2184) - (-2)/8)?
7, 1531
Let q(w) = -w**3 + w**2 - w + 350. Let g be q(0). Let n = g - -61. List the prime factors of n.
3, 137
Let j(i) = 4*i - 155. Let l be j(20). Let u be (-19)/3*(2 + -20). Let q = u + l. List the prime factors of q.
3, 13
Suppose 332*u - 5553182 = 130*u. List the prime factors of u.
37, 743
Suppose 215*m - 15832 = -92802. Let q = 217 - -390. Let w = m + q. List the prime factors of w.
3, 83
Suppose -2*w - 12168 = -4*h, 30*h - 4*w = 35*h - 15171. What are the prime factors of h?
3, 1013
Suppose -2*g = -5*s - 71281, 26*g - 27*g + 35642 = -3*s. List the prime factors of g.
13, 2741
Let f = -565 - -568. Suppose -17 = -3*a - 32, 0 = 5*w + f*a - 4955. What are the prime factors of w?
2, 7, 71
Suppose -39320 = -62*o + 19642. What are the prime factors of o?
3, 317
Let m(v) = -v**3 + 32*v**2 - 42*v - 367. List the prime factors of m(-23).
2, 3, 7, 101
Suppose -g - 107 = -3*l, 3*l - 315 = 12*g - 9*g. Suppose 9*d - 190 = 314. Let p = d - g. List the prime factors of p.
2, 5
What are the prime factors of 2/(12 - 1367002/113919)?
3, 23, 127
Let b = -129 - -84. Suppose -2*c + 357 = 3*s, s - 74 = -2*c + 45. Let x = b + s. List the prime factors of x.
2, 37
Let c(f) = -5471*f**3 + 3*f**2 + 6*f + 2. List the prime factors of c(-1).
2, 5, 547
Let c(y) = -18*y - 39. Let g = 47 + -62. List the prime factors of c(g).
3, 7, 11
Let i be (6 - 4)*(-13 + 1). Let r be 24/(-64) + (-33)/i. Suppose -2*c - r = 1, 255 = 4*h + c. What are the prime factors of h?
2
Suppose 8*j = -j - 432. Let w be (32/j)/(1/(-267)). Let u = w - 107. What are the prime factors of u?
71
Let x(h) = -h**2 + 3*h + 984. Let g = 88 + -88. List the prime factors of x(g).
2, 3, 41
Let j(b) = -26*b**2 + 701*b - 47. What are the prime factors of j(23)?
2, 3, 43
Suppose -3*v + 5*w + 25 = 0, 0 = -2*v + 5*v + w - 13. Suppose -b - v*a + 838 = 2*b, 3*b - 846 = 3*a. What are the prime factors of b?
281
Let c(l) = -107*l + 59. Let u be c(3). Let i be -6*(3 - (1 - 24)). Let r = i - u. What are the prime factors of r?
2, 53
Let d(g) = 24*g**2 + 11*g + 69. Let a be d(-6). Suppose -9*t + 267 = -a. List the prime factors of t.
2, 3, 7
Suppose -17 = -o - 15. Suppose 4*v = -3*k + 2*v + 1010, 0 = -2*k + o*v + 670. List the prime factors of k.
2, 3, 7
Let g = 90055 + -59506. List the prime factors of g.
3, 17, 599
List the prime factors of 8/3 - 1819524/(-63).
2, 3, 29, 83
Let s(d) = 3*d**3 - 13*d**2 + 17*d - 7. Let f(l) = -7*l**3 + 25*l**2 - 34*l + 14. Let r(z) = 2*f(z) + 5*s(z). List the prime factors of r(14).
5, 7
Let n(g) = 2*g**3 - 90*g**2 + 211*g - 61. What are the prime factors of n(44)?
5351
Let u(v) = -47*v + 14. Let l be u(-5). Let t = l - 162. Suppose -3*b = -2*b - t. List the prime factors of b.
3, 29
Suppose -748*v + 739*v - 144 = 0. What are the prime factors of (5836/v)/(2/(-8))?
1459
Let o = -124 + -114. Let i = 322 - o. List the prime factors of i.
2, 5, 7
Let m(p) be the third derivative of p**6/30 - 7*p**5/60 + p**4/3 - 5*p**3/3 - 3*p**2 - 2*p. What are the prime factors of m(5)?
5, 71
Suppose u - 5*w + 35 = 8945, w - 44602 = -5*u. List the prime factors of u.
2, 5, 223
Let i(l) = l**3 + 8*l**2 + 13*l + 3. Let y be i(-6). Let j(f) = -74*f + 4. List the prime factors of j(y).
2, 113
Let h = 299 - 289. List the prime factors of (-6 + 85/h)*332/2.
5, 83
Let h be (-1)/(-9)*1613 + (-2)/9. Suppose -h*f + 169*f = -8870. List the prime factors of f.
887
Let f(i) = -26678*i - 367. What are the prime factors of f(-1)?
83, 317
Suppose 52*w = -46277 + 1620161. List the prime factors of w.
3, 19, 59
Suppose 78*l - 21709 = -4*w + 81*l, 2*w = 5*l + 10851. List the prime factors of w.
2, 23, 59
Suppose -14*m = -16*m - 4*t + 100692, 100732 = 2*m - 4*t. What are the prime factors of m?
2, 12589
Let p be (-2 - -1)*1 + -62. Let f = 3 - p. Let d = f - -44. What are the prime factors of d?
2, 5, 11
Suppose 5*d - 59290 = -5*c, 65*c + 4*d = 69*c - 47504. What are the prime factors of c?
11867
Let c(o) = -123*o + 26. Let j be c(-4). Suppose 0 = -7*i + 7 + j. List the prime factors of i.
3, 5
Suppose 0 = 11*o - 6*o - 35. Suppose -l = -o*l + 2532. List the prime factors of l.
2, 211
Let w(p) = -14*p**3 + 14*p**2 + 25*p + 25. List the prime factors of w(-10).
5, 607
Suppose -4*l = -23*o + 20*o - 11159, -3*l - o = -8379. List the prime factors of l.
2, 349
Suppose -13*a - 7 = 19. List the prime factors of 12/(-8)*-574 + a.
859
Let s be (2/3 - 1) + (-360459)/297. Let i = -659 - s. What are the prime factors of i?
3, 5, 37
Let x be (0 - 0)*(-9)/(-9). Suppose 4*i + 4 - 24 = x. Suppose 0 = -5*m + i, -d + 93 = -2*m + 23. What are the prime factors of d?
2, 3
What are the prime factors of ((-4728)/(-1))/(268 - 267)?
2, 3, 197
Let s(w) = -w**3 - 10*w**2 - 16*w + 4. Let g be s(-8). Suppose o + 3*p = 4*o - 465, o - g*p - 164 = 0. What are the prime factors of o?
2, 19
Let v be (1 - 0) + 8/8. Suppose 0 = y + 4*u - 15 + 117, v*u - 444 = 5*y. Let j = y - -181. What are the prime factors of j?
7, 13
Suppose 5*f = 3*c + 7, -5*f = -3*f - 4*c. Suppose 4*i + f*i = i. Suppose i = 4*p - 8*p + 500. What are the prime factors of p?
5
Let f = 6125 + -5984. Let p be ((-18)/5)/((-2)/10). Let q = f - p. What are the prime factors of q?
3, 41
Let r(x) be the second derivative of -x**3/6 + 18*x. Let a be r(-5). Suppose 105 = 5*k - t + 32, -3*t + 81 = a*k. List the prime factors of k.
3, 5
Let z(r) = -53*r**2 + 45 + 14*r - 30*r**2 + 96*r**2. List the prime factors of z(-8).
3, 5, 17
Let w(k) = 55*k + 3. Let p(s) = 53*s + 3. Let l(t) = 3*p(t) - 4*w(t). What are the prime factors of l(-1)?
2, 29
Let s be (-5)/((1 + (-12)/4)/2). Suppose -3*h + 15 = -3*u, -s*h + u = -0*u - 5. Suppose h = -7*t - 2*t + 1008. List the prime factors of t.
2, 7
Let w be (1 + 4/(-3))/(65/(-515775)). Let f = w - 1344. What are the prime factors of f?
1301
Let k(o) = -5*o + 29. Let g be k(-7). What are the prime factors of 1/4 + 8/g*1550?
2, 97
Let t(g) = -g**2 + 7*g - 6. Let h be t(6). Let i be ((-3 + 5 - 3)*3)/(183/(-305)). Suppose 2*s = -i*r - 2*s + 266, r + s - 53 = h. List the prime factors of r.
2, 3
Let y = 75785 + -40610. What are the prime factors of y?
3, 5, 7, 67
Let j(a) = 73*a - 3. Suppose -12 - 6 = -3*p. Let i be ((-9)/(-3))/p*2. What are the prime factors of j(i)?
2, 5, 7
Let k = 126 + -82. Suppose -2*r + 266 - k = 0. Let l = r + -68. List the prime factors of l.
43
Suppose 140*v = -86*v + 14907864. What are the prime factors of v?
2, 3, 23, 239
Suppose -13*t + 19*t = 11*t - 5235. List the prime factors of t.
3, 349
Let n(a) = -a**3 - 9*a**2 - 17*a - 21. Let h be n(-7). Suppose 3*p - 1765 + 622 = h. What are the prime factors of p?
3, 127
Let b be (5 - (-267 - -2)) + (-1 - 0). Suppose -13*o + 1114 = b. What are the prime factors of o?
5, 13
Suppose -38*s = -1551188 - 423748. What are the prime factors of s?
2, 3, 61, 71
Suppose -2*d + 4*s = -28, 2*s + 40 = 2*d + 10. Let m(u) = -u**3 + 5 + 5 + 10*u**2 - 6*u - 8*u**2 + 15*u**2. List the prime factors of m(d).
2, 5, 17
Let q be (180/(-25))/(3/(-40)). Suppose -6*p + q = -5*p. Suppose 5*o = 7*o - p. What are the prime factors of o?
2, 3
Suppose -2*h - 108 = -5*h. Suppose h = -13*w + 231. Suppose 0 = 5*j + w, 5*j = m - 11 - 222. What are the prime factors of m?
2, 109
Let v(t) = -18*t - 138. Let k be 1 + -1 + -5 + -13. What are the prime factors of v(k)?
2, 3, 31
Let m(f) = 7*f + 90. Let g be m(-12). List the prime factors of (0 + 2)*(212 - g).
2, 103
List the prime factors of 1326276/270 - 48/360.
2, 307
Let p(i) = i - 2. Suppose k - 63 = -8*k. Let y be p(k). Suppose 0*u = -4*u + 3*r + 79, -5*r + 125 = y*u. List the prime factors of u.
2, 11
Let k(w) = -50*w + 164. Let v be k(-4). Suppose 9*g - 2128 = -v. List the prime factors of g.
2, 7
Let t be (-1)/(15/(-1518)) - 8/40. Suppose -5*g + 239 = -t. What are the prime factors of g?
2, 17
Let f(i) = -66*i + 791 - 394 - 394. What are the prime factors of f(-13)?
3, 7, 41
Suppose 910 = 16*w - 30754.